
64
What is the remainder when 187 is divided by 37?
2
Calculate the remainder when 486 is divided by 99.
90
What is the remainder when 66 is divided by 14?
10
Calculate the remainder when 25 is divided by 14.
11
What is the remainder when 95 is divided by 22?
7
What is the remainder when 4190 is divided by 33?
32
What is the remainder when 3959 is divided by 60?
59
Calculate the remainder when 346 is divided by 67.
11
What is the remainder when 11688 is divided by 27?
24
What is the remainder when 547 is divided by 533?
14
Calculate the remainder when 680 is divided by 130.
30
Calculate the remainder when 1150 is divided by 72.
70
What is the remainder when 171 is divided by 100?
71
What is the remainder when 178 is divided by 30?
28
What is the remainder when 49 is divided by 20?
9
Calculate the remainder when 334 is divided by 77.
26
Calculate the remainder when 31 is divided by 12.
7
What is the remainder when 409 is divided by 69?
64
What is the remainder when 258 is divided by 10?
8
What is the remainder when 109 is divided by 68?
41
Calculate the remainder when 137 is divided by 71.
66
What is the remainder when 543 is divided by 34?
33
What is the remainder when 1829 is divided by 20?
9
Calculate the remainder when 327 is divided by 7.
5
Calculate the remainder when 6574 is divided by 6.
4
What is the remainder when 741 is divided by 212?
105
What is the remainder when 153 is divided by 39?
36
What is the remainder when 610 is divided by 13?
12
What is the remainder when 206 is divided by 26?
24
Calculate the remainder when 2879 is divided by 15.
14
What is the remainder when 745 is divided by 115?
55
Calculate the remainder when 1455 is divided by 52.
51
What is the remainder when 99 is divided by 37?
25
What is the remainder when 6212 is divided by 444?
440
Calculate the remainder when 76 is divided by 21.
13
What is the remainder when 220 is divided by 69?
13
What is the remainder when 943 is divided by 29?
15
Calculate the remainder when 395 is divided by 20.
15
Calculate the remainder when 83 is divided by 65.
18
What is the remainder when 182 is divided by 111?
71
What is the remainder when 75 is divided by 2?
1
What is the remainder when 1332 is divided by 661?
10
What is the remainder when 931 is divided by 37?
6
Calculate the remainder when 273 is divided by 37.
14
Calculate the remainder when 2639 is divided by 3.
2
What is the remainder when 224 is divided by 116?
108
Calculate the remainder when 2027 is divided by 39.
38
What is the remainder when 557 is divided by 57?
44
Calculate the remainder when 2543 is divided by 106.
105
What is the remainder when 1569 is divided by 129?
21
Calculate the remainder when 157 is divided by 8.
5
Calculate the remainder when 426 is divided by 100.
26
Calculate the remainder when 1524 is divided by 377.
16
What is the remainder when 4148 is divided by 24?
20
What is the remainder when 1275 is divided by 254?
5
Calculate the remainder when 173 is divided by 16.
13
What is the remainder when 3257 is divided by 172?
161
Calculate the remainder when 534 is divided by 129.
18
What is the remainder when 91545 is divided by 12?
9
What is the remainder when 43 is divided by 4?
3
Calculate the remainder when 5 is divided by 1.
0
Calculate the remainder when 519 is divided by 5.
4
Calculate the remainder when 185 is divided by 94.
91
Calculate the remainder when 1693 is divided by 68.
61
Calculate the remainder when 229 is divided by 8.
5
What is the remainder when 5711 is divided by 136?
135
Calculate the remainder when 413 is divided by 137.
2
What is the remainder when 176 is divided by 159?
17
What is the remainder when 94 is divided by 26?
16
What is the remainder when 750 is divided by 90?
30
What is the remainder when 80 is divided by 71?
9
Calculate the remainder when 57 is divided by 23.
11
What is the remainder when 53 is divided by 11?
9
What is the remainder when 198 is divided by 51?
45
What is the remainder when 2139 is divided by 102?
99
Calculate the remainder when 3592 is divided by 72.
64
Calculate the remainder when 115 is divided by 67.
48
Calculate the remainder when 110 is divided by 27.
2
What is the remainder when 387 is divided by 103?
78
Calculate the remainder when 951 is divided by 53.
50
Calculate the remainder when 650 is divided by 4.
2
Calculate the remainder when 3895 is divided by 179.
136
Calculate the remainder when 804 is divided by 39.
24
Calculate the remainder when 131 is divided by 123.
8
What is the remainder when 18 is divided by 17?
1
Calculate the remainder when 263 is divided by 67.
62
What is the remainder when 371 is divided by 97?
80
Calculate the remainder when 5661 is divided by 59.
56
What is the remainder when 199 is divided by 25?
24
Calculate the remainder when 936 is divided by 50.
36
Calculate the remainder when 372 is divided by 113.
33
Calculate the remainder when 160 is divided by 39.
4
What is the remainder when 768 is divided by 157?
140
What is the remainder when 2372 is divided by 27?
23
Calculate the remainder when 1880 is divided by 1872.
8
Calculate the remainder when 160 is divided by 18.
16
What is the remainder when 4750 is divided by 18?
16
What is the remainder when 251 is divided by 9?
8
Calculate the remainder when 662 is divided by 75.
62
What is the remainder when 56 is divided by 18?
2
Calculate the remainder when 527 is divided by 19.
14
Calculate the remainder when 1957 is divided by 18.
13
Calculate the remainder when 35 is divided by 14.
7
What is the remainder when 587 is divided by 84?
83
Calculate the remainder when 371 is divided by 22.
19
Calculate the remainder when 138 is divided by 55.
28
Calculate the remainder when 1079 is divided by 241.
115
What is the remainder when 7441 is divided by 1062?
7
What is the remainder when 12715 is divided by 265?
260
Calculate the remainder when 1981 is divided by 657.
10
Calculate the remainder when 98 is divided by 13.
7
Calculate the remainder when 5770 is divided by 23.
20
What is the remainder when 223 is divided by 45?
43
What is the remainder when 191 is divided by 63?
2
Calculate the remainder when 568 is divided by 136.
24
What is the remainder when 393 is divided by 77?
8
What is the remainder when 121 is divided by 53?
15
What is the remainder when 1211 is divided by 12?
11
What is the remainder when 2787 is divided by 93?
90
What is the remainder when 384 is divided by 3?
0
What is the remainder when 3887 is divided by 162?
161
Calculate the remainder when 80 is divided by 21.
17
Calculate the remainder when 1099 is divided by 85.
79
What is the remainder when 494 is divided by 11?
10
Calculate the remainder when 1274 is divided by 4.
2
What is the remainder when 538 is divided by 11?
10
Calculate the remainder when 981 is divided by 23.
15
Calculate the remainder when 538 is divided by 49.
48
Calculate the remainder when 1816 is divided by 29.
18
Calculate the remainder when 2353 is divided by 1173.
7
What is the remainder when 2009 is divided by 84?
77
Calculate the remainder when 13390 is divided by 16.
14
Calculate the remainder when 1803 is divided by 69.
9
Calculate the remainder when 1690 is divided by 541.
67
Calculate the remainder when 102 is divided by 91.
11
Calculate the remainder when 473 is divided by 30.
23
Calculate the remainder when 2278 is divided by 20.
18
What is the remainder when 134 is divided by 57?
20
What is the remainder when 423 is divided by 25?
23
What is the remainder when 84 is divided by 27?
3
What is the remainder when 361 is divided by 121?
119
What is the remainder when 362 is divided by 71?
7
Calculate the remainder when 157 is divided by 20.
17
What is the remainder when 2866 is divided by 90?
76
What is the remainder when 1175 is divided by 11?
9
Calculate the remainder when 1435 is divided by 48.
43
Calculate the remainder when 29 is divided by 12.
5
What is the remainder when 128 is divided by 15?
8
Calculate the remainder when 25 is divided by 13.
12
Calculate the remainder when 6781 is divided by 483.
19
What is the remainder when 586 is divided by 28?
26
Calculate the remainder when 7168 is divided by 276.
268
Calculate the remainder when 644 is divided by 224.
196
Calculate the remainder when 51 is divided by 22.
